digit of u?
5
Let r = -13 - -18. Let g be 1 - 3 - (-4 + -253). Suppose -r*y + g = -0*y. What is the tens digit of y?
5
Let j(d) = -5*d - 6 + 13 + 35*d + 9. Let a(i) = -20*i - 11. Let o(g) = -7*a(g) - 5*j(g). What is the units digit of o(-7)?
7
Let m = 743 - 310. What is the hundreds digit of m?
4
Let k(n) = -18*n - 1. Let l be k(-1). Let p = l + -10. Suppose 0 = -4*r + p*r - 78. What is the units digit of r?
6
Suppose p + 3*f = 105, 100 = -3*p - 4*f + 420. What is the units digit of 42/(-2)*p/(-63)?
6
Let w(v) be the third derivative of v**5/60 - v**4/4 - 5*v**3/3 - 4*v**2. Let u be w(7). Let m = u - -35. What is the tens digit of m?
3
What is the tens digit of 700/(((-30)/33)/(-5))?
5
Let f(h) = 248*h + 84. What is the hundreds digit of f(5)?
3
Let p = 6553 + -4134. What is the units digit of p?
9
Let x(m) = m**2 + 13*m - 43. What is the units digit of x(-27)?
5
Let q(t) = t**3 - 6*t**2 + 5*t + 3. Let h be q(5). Suppose -36 - 144 = -h*d. What is the units digit of d?
0
Let x = 26 - 22. What is the units digit of 2/((0 + x)/188)?
4
Let q(y) = -6*y**2 + 3. Let s(z) = -6*z**2 + 1. Let v(k) = 3*q(k) - 4*s(k). What is the tens digit of v(-2)?
2
Let i(d) = 7*d - 18. Let a be i(3). Suppose -t = -l, -4*l - 4*t = -3 - 37. Suppose -5*g + a*g - 31 = -b, l*b + 4*g = 141. What is the units digit of b?
9
Let m(k) = k**3 + 41*k**2 - 21*k - 97. What is the units digit of m(-41)?
4
Let v = 3 + -1. Suppose -6 - v = -2*u + 3*m, 2*u - 8 = -2*m. Suppose -4*g - z + 3*z = -34, -2*z - u = g. What is the units digit of g?
6
Let j = 22 - 46. Let b = j + 43. Suppose b + 11 = 2*a. What is the tens digit of a?
1
What is the hundreds digit of (-20)/(-6)*111/2?
1
Let s(j) = j**2 + 11*j + 4. Let r be s(-4). What is the units digit of 40/(-6)*r*(-2)/(-5)?
4
Suppose 25 = 5*n, -2073 = -3*u + 5*n + 449. What is the units digit of u?
9
What is the units digit of 1 - 161/(28/(-4))?
4
Let i(s) = -s**2 + 7*s - 11. Let t be i(6). Let b(r) = 2*r**2 + 3*r - 13. What is the tens digit of b(t)?
2
Let o = 4 - -238. Suppose 80 - o = -2*l. Let m = 129 - l. What is the units digit of m?
8
Let b(n) = -n**3 + 7*n**2 - 3*n - 9. Let m be b(6). Suppose -63 = -5*k + 2*p - 10, -2*p = -k + m. What is the tens digit of k?
1
Let a(s) = 7*s**3 - s**2 - s - 1. Let v = 90 - 88. What is the tens digit of a(v)?
4
Suppose -5*l + 3*j + 32 = 0, -3*l + 2*l - 4 = 2*j. Suppose -4*o = -4*r - 320, l*o = -5*r - 0*r + 284. What is the units digit of o?
6
Suppose d - 2*m + 6 = 0, -2*d - 3*m + 6 = -10. Suppose b + 5*x - 229 = 0, d*b = 3*x + 79 + 418. Suppose 4*i + 104 = b. What is the tens digit of i?
3
Let i = 202 + -50. What is the units digit of i?
2
What is the units digit of 2*(-4359)/(-6) - (-17 + 13)?
7
Let t(b) = b**2 + 6*b + 5. Let q be t(-6). Suppose 134 = 3*m - q*m. Let g = -44 - m. What is the tens digit of g?
2
Suppose -3*z + 7*z - 472 = 0. Suppose -4*c + z - 2 = n, 2*c - 52 = n. What is the tens digit of c?
2
Suppose -c - 399 + 558 = 0. What is the units digit of c?
9
Let y be (85/3)/(7/(-3) - -2). Let f = y + 206. What is the tens digit of f?
2
Let a(q) = 38*q**2 - 22*q + 21. What is the units digit of a(6)?
7
Suppose 10*i - 6960 - 4250 = 0. What is the units digit of i?
1
Let s(p) = 627*p + 262. What is the hundreds digit of s(10)?
5
Suppose q - 120 = -4*q. Let z be 162/q - 2/(-8). Suppose -4*m - 48 = -z*m. What is the units digit of m?
6
Let h(u) = 17*u**2 - 19*u + 14. Let r(w) = 8*w**2 - 9*w + 7. Let s(n) = -2*h(n) + 5*r(n). What is the units digit of s(4)?
5
Let r(y) = 30*y**2 + 20*y - 71. What is the units digit of r(4)?
9
Let c be (-9)/((-81)/38) + (-8)/36. Suppose -4*d = -3*q - 963, d - c*q + 0*q - 231 = 0. What is the tens digit of d?
4
Let n = 714 + -24. Suppose 454 = 3*r + 5*c, -r + 5*c = 4*r - n. What is the units digit of r?
3
Suppose -2*t = -5*r - 1011, -3*r = 2*r + t + 1017. What is the units digit of (-2)/8 - r/28?
7
What is the thousands digit of (-16)/20 + 77820/25 + -5?
3
Let j(h) = -h**3 + 9*h**2 - h + 11. Let l be j(9). Let a be (5/6)/(l/12). Suppose 12 = -t + a*t. What is the units digit of t?
3
Let p = -72 - -81. Let m = 94 - p. What is the units digit of m?
5
Let v(f) = 116*f + 161. What is the units digit of v(3)?
9
Let a be 1 + -1*(-3 + 4). Suppose 0*u + 12 = -2*o - 5*u, 3*o + 5*u + 8 = a. What is the tens digit of o/18 + (-223)/(-9)?
2
Suppose 2*b + 168 = 9*b. Let v = 20 + b. What is the tens digit of v?
4
What is the units digit of -13 - ((-151116)/3)/14?
5
Let s = -67 - -46. Let y(g) = g**3 + 24*g**2 + 52*g + 24. What is the hundreds digit of y(s)?
2
Let z be (-1)/(-3)*3 + -2. What is the units digit of (2 - 6)*z/(-4)*-21?
1
Let j(z) be the second derivative of z**5/5 + z**4/4 - z**3/2 + 2*z**2 - 7*z. Let p be j(2). What is the tens digit of p - 1 - 8/2?
3
Let g(q) = 3*q + 14. Let s(w) = 2*w + 7. Let z(c) = -3*g(c) + 5*s(c). Let t be z(7). Suppose t = -0*o + 5*o - 160. What is the units digit of o?
2
What is the units digit of 3080/120*51/1?
9
Let x(f) = f**3 + f**2 - 2*f + 2. Let c be x(0). Suppose 0 = c*j + 2*s - 316, s = -2*s. Suppose 5*a = 62 + j. What is the tens digit of a?
4
Let a(p) = p**3 + 8*p**2 + 10*p + 9. Let j be a(-6). Let v(o) = 10*o - 33. Let x be v(2). Let m = j + x. What is the units digit of m?
8
Suppose i - 5*d = 96, 5*d = 2*i - 127 - 55. Suppose -398 = -11*q + i. What is the units digit of q?
4
What is the hundreds digit of ((-27)/6)/(1/(-604)*3)?
9
Suppose 7*d - 178 = 3*d + 5*b, -94 = -2*d + 5*b. Let g = 1527 - 1548. Let r = g + d. What is the units digit of r?
1
Let p(m) = 140*m + 14. What is the hundreds digit of p(1)?
1
Suppose 0 = -10*z + 9*z + 3. Suppose -z*x + 3*u - u = -28, 32 = x + 5*u. What is the units digit of x?
2
Suppose 0 = -29*l + 21*l + 1336. What is the hundreds digit of l?
1
Let x be (-3)/(-4 - 17/(-5)). Suppose 0 = x*y - 39 - 51. What is the units digit of y?
8
Let j be 15*(10/3 - 4). Let z(c) = -2*c**2 + c**2 + c**2 - 8 - c**2 - 15*c. What is the units digit of z(j)?
2
What is the tens digit of -1 + 1364 + (-15)/(15/4)?
5
Let a = -2048 - -3080. What is the hundreds digit of a?
0
Let d = 113 - 99. Let n(s) = 15*s - 9. What is the hundreds digit of n(d)?
2
Suppose 6*f = 5*f + 2*a + 256, 0 = -3*f + 5*a + 771. What is the hundreds digit of f?
2
Let w(k) = -2*k + 3. Let o(f) = -3*f + 6. Let i(b) = -3*o(b) + 5*w(b). Let m be i(3). Let s = -2 - m. What is the units digit of s?
4
Let i = -17 - -58. Let t = -35 + i. What is the units digit of 1*7 - t/(-6)?
8
Suppose 4*q = 7 - 3. Let s be ((-3 - -1) + 6)*q. Suppose 0 = 5*z - 4*z - s. What is the units digit of z?
4
Let t(z) = 20*z**2 + 489*z - 58. What is the units digit of t(-26)?
8
Let g be 4 + -2 + 1 + -1. Suppose -g*d = -7*d - 45. What is the units digit of 22/198 + (-638)/d?
1
Let d be 28/6 - (-2)/6. Suppose 0 = -2*q - 4*i + 77 + 131, 552 = d*q + 2*i. What is the units digit of q?
2
Suppose -5*n + 3 = 2*q - 15, q = -3*n + 11. What is the hundreds digit of -146*(1 - q - (-84)/(-24))?
2
Let p(r) = r**3 + r**2 + r + 4. Suppose -3*h = -5*k - h + 40, 0 = k + 2*h - 8. Let x = k + -8. What is the units digit of p(x)?
4
Let i(w) = 40*w**3 + 4*w + 10. What is the thousands digit of i(3)?
1
Let n be (4 + 22/(-6))*6. Suppose -2*l = q - 6, -2*l - 48 = -4*q + n*l. What is the units digit of q?
0
Let v = -21 + 25. Let g be v/(-18) + 1036/(-36). Let n = g - -48. What is the tens digit of n?
1
Let p be -2 - 0 - (-3 + 0). Let f(s) = 0 - 2*s + 5*s + 0 + p. What is the units digit of f(15)?
6
Suppose 3*f - 20 = 4*j, 2*j = -4*f - 4 - 6. Suppose -h = -f*h. Suppose 0 = 2*d - 0*d - 6, q - 5*d - 16 = h. What is the tens digit of q?
3
Let a be ((-15)/(-20))/((-6)/4)*-8. Suppose o = a*o + 5*q - 399, 3*q = 0. What is the tens digit of o?
3
Suppose 4*h - 10*h + 54 = 0. Suppose -244 = -h*q + 332. What is the units digit of q?
4
Let s = 621 - 47. What is the units digit of s?
4
Suppose 18*b = 14*b + 692. What is the units digit of b?
3
Let o(r) = -r. Let x be o(0). Suppose 2*f - 3*f + 5 = x. Suppose -f*s + 120 = 4*u, -5*u + 3*u + 54 = 4*s. What is the tens digit of u?
3
Let f = 955 + -528. What is the units digit of f?
7
Suppose 0 = -3*a - 2*l + 5, -9*a - 5*l = -4*a - 10. What is the tens digit of 10/(-15)*(-146 - a)?
9
What is the units digit of 4920/7 - 1/(-7)?
3
Let r(o) be the first derivative of -2*o**3/3 -